et y be (-12*(-2)/(-15))/(2/(-5)). Let j be (-4)/(y/(-18)*3 - 0). Calculate the remainder when (336 - j)*4/10 is divided by 27.
24
Let o(a) be the second derivative of -13/2*a**2 + 28*a + 5/3*a**3 + 0. Calculate the remainder when o(6) is divided by 25.
22
Let s = 524 + -538. Let q = 62 - s. What is the remainder when 303 is divided by q?
75
Calculate the remainder when 2501 is divided by 3*39/(-9) - (2 + -99).
65
Suppose -4*h - 4*u = -3716, h + 4*u = 453 + 467. Calculate the remainder when (h/20 + 3)*30/12 is divided by 18.
16
Suppose 12*c - 657 - 291 = 0. Suppose 5*s - c = -2*x, -5*x - 5*s = -4*x - 42. What is the remainder when 124 is divided by x?
13
Suppose 3*t - 18*y + 19*y - 132 = 0, -2*t + y = -93. Suppose 135 = 2*a - 163. Let g = a + 73. What is the remainder when g is divided by t?
42
Suppose -2*h = -3*y + 8, -2*y - 5*h + 1 - 2 = 0. Suppose 5*d + 3*u + 1025 = u, 3*d + 601 = -4*u. Let n = d + 213. What is the remainder when n is divided by y?
0
Let n = -662 + 762. Calculate the remainder when n is divided by 21.
16
What is the remainder when 19360/28 + (-11)/((-385)/20) is divided by 50?
42
Let y = 521 + -518. What is the remainder when (-3 + -283)*((-3)/2)/y is divided by 23?
5
Suppose 8 = -3*s + 14, 5*c - 5*s - 160 = 0. Suppose -13*v + 14*v = 8. Suppose 7*j = 55 + v. What is the remainder when c is divided by j?
7
Let j be -1 + (1 - (-1 + 0)). Let s(x) = 36*x**2 - x + 1. Let h = -55309 - -55319. What is the remainder when s(j) is divided by h?
6
Let l be 5 + -4 + 3 + 7. Suppose -l*c = -10*c - 12. What is the remainder when 165 is divided by c?
9
Let y = 5948 - 4709. What is the remainder when y is divided by 27?
24
Calculate the remainder when 138 is divided by (-335)/(-11) + (2 + (-312)/(-88) - 5).
14
Suppose -14*s + 391 - 279 = 0. Calculate the remainder when 7436 is divided by s.
4
Suppose -4*v + h = -1450, 2*v = -5*h + 571 + 165. Calculate the remainder when v is divided by 180.
3
Let y(n) = -20*n - 1 + 39 + 5*n - 16*n + 96. What is the remainder when y(4) is divided by 8?
2
Let f be 25/(-5)*23 + 2. Let q = f + 138. What is the remainder when 96 is divided by q?
21
Calculate the remainder when (-18892)/(-8)*(-6)/(-9) - 6/18 is divided by 27.
8
Let w = -9 + 15. Let h(o) = o + 36. Let g be h(-26). Let y(b) = 3*b**2 - 31*b + 17. What is the remainder when y(g) is divided by w?
1
Let k be 20/20*(-1)/((-2)/(-40)). Let l be (12/(-5) + (-2)/(-1))*k. Suppose -r = -l*r + 224. What is the remainder when 125 is divided by r?
29
Let y = 127009 + -126971. Suppose -v + 202 = v. Calculate the remainder when v is divided by y.
25
Let k(b) = -430*b - 14947. What is the remainder when 196 is divided by k(-35)?
93
Let l(h) = 3*h**2 + 25*h + 51. Let c(p) = 4*p**2 + 24*p + 47. Let n(q) = -2*c(q) + 3*l(q). What is the remainder when (8/(-3))/((-4)/78) is divided by n(-26)?
19
Let x(k) = -4*k + 175. Let z be x(40). Suppose -b + z = d, 24 + 51 = 5*d - 5*b. What is the remainder when 73 is divided by d?
13
Suppose 24*j - 22*j - 1267 = -3*f, -3388 = -8*f - 4*j. Calculate the remainder when f is divided by 33.
31
Suppose -89*a - 5811 + 17303 = 80*a. Calculate the remainder when 5574 is divided by a.
66
Suppose 900 = 4*s - 4*u, -2*s - 5*u + 311 + 97 = 0. What is the remainder when s is divided by 38?
29
Let i(c) = -2*c**3 + 10*c**2 + 14*c - 39. Calculate the remainder when 2115 is divided by i(-9).
12
Suppose -1449*b + 1520*b - 303667 = 0. What is the remainder when b is divided by 5?
2
Suppose -2*b + 5*c = -31, 9*b - 2*c - 13 = 8*b. Suppose 106 = 3*n - 4*q, b*q = 4*n - 135 - 18. What is the remainder when 502 is divided by n?
40
Suppose 0 = a - 8*g + 4*g + 9, 2*g = 2*a - 12. Let h be -6 + (1 - 4) + 1. What is the remainder when a is divided by 2/h*-4 + 8?
2
Suppose 425 = 5*s - 700. Suppose 254*f - s = 253*f. Calculate the remainder when f is divided by 62.
39
Let s be 2*(0 - (-39)/(-6)). Let m = s - -55. What is the remainder when m is divided by (1265/506)/((-7)/(-6) + -1)?
12
Let s be ((-3)/(-4) + -3)*58*2. Let k = s - -272. What is the remainder when k is divided by 5?
1
Let h be 11/(((2 - 5) + 1)/(-4)). Let o = 42 - h. Calculate the remainder when 139 is divided by o.
19
Let i(j) = -19*j - 27. Let n = 292 - 284. Calculate the remainder when i(-3) is divided by n.
6
Suppose 3*j - 342 = 3*i, 98*i = 96*i + 6. What is the remainder when 441 is divided by j?
90
Suppose -x = 2*q - 175, -867 = 11*x - 16*x - 2*q. What is the remainder when x is divided by 161?
12
Let x = -4260 + 4863. What is the remainder when x is divided by 147?
15
Let l = -265 + 251. Let p(i) = 2*i**2 + 25*i - 33. Calculate the remainder when 71 is divided by p(l).
8
Let y(a) = -55*a**2 - 67*a + 123. Let v(b) = 27*b**2 + 33*b - 61. Let h(l) = 13*v(l) + 6*y(l). What is the remainder when h(2) is divided by 7?
6
Let q = -1849 - -2026. Calculate the remainder when q is divided by 98.
79
Let t be ((-4)/1)/2 + (-1052)/(-263). Let f(q) = 7*q**3 + 15*q - 29. Calculate the remainder when 161 is divided by f(t).
47
Suppose -497 = -2*x + c + 81, 0 = -4*c - 8. What is the remainder when x is divided by 21?
15
Suppose 10*r + 542 = 612. Calculate the remainder when 412 is divided by r.
6
Let h(q) = -6*q - 8. Let z be -6*(4 - (-44)/(-8)). Let k(u) = u - 18. Let j be k(z). What is the remainder when h(j) is divided by 13?
7
Let r(l) be the second derivative of 0 + 7/2*l**2 - 2*l - 2/3*l**3. Calculate the remainder when 56 is divided by r(-3).
18
Suppose -18*u + 195 = -561. Suppose -11 = -0*s - s. Calculate the remainder when u is divided by s.
9
Let f(i) = i**3 - 47*i**2 + 58*i + 1666. Calculate the remainder when f(45) is divided by 122.
104
Calculate the remainder when 10 - (-446 + -1)/3 is divided by 67.
25
Let o(k) = -4*k**3 + 3*k**2 - 4*k - 4. Let j be 180128/216 + 18/243. Let s = 863 - j. What is the remainder when o(-3) is divided by s?
27
Let j(o) = 40*o + 177. Let k be j(-19). Let y = k + 634. What is the remainder when 210 is divided by y?
6
Let x = -60 - -76. Suppose -5*f = -9 - x. Suppose t - 13 = -z, t - f*z = -0*t + 19. What is the remainder when 24 is divided by t?
10
Let p(d) = -2*d**2 - 20*d - 22. Let j = 578 - 585. Let i(w) = w**3 - 7*w**2 + 8*w - 1. What is the remainder when p(j) is divided by i(6)?
9
Suppose 2*r = -5*o + 146, 4*r + 0*o - 272 = -5*o. Suppose 4*h + 2*t + t - 95 = 0, -89 = -4*h + 3*t. What is the remainder when r is divided by h?
17
Let n be -2 + 3 + 3 - 10. Let g(b) = -b**3 - 5*b**2 + 8*b + 14. Calculate the remainder when 7 is divided by g(n).
1
Let g(l) = 12*l - 12 + 4*l**2 + 17 - 18. Let q be g(7). Let i = -176 + q. What is the remainder when i is divided by 23?
22
Suppose -775 = 4*d - 5*n, 625 = -3*d + 18*n - 23*n. Let f = d - -214. What is the remainder when 14 is divided by f?
0
Let f(q) = 61*q**2 + 3*q + 4. Let k be 2*2/12*(23 - 26). Let w(p) = 2*p - 19. What is the remainder when f(k) is divided by w(15)?
7
Suppose 8*d - 97 = 87. Calculate the remainder when 5606 is divided by d.
17
Suppose -x + 429 = -7*k, -4*k + 9*k = x - 437. Calculate the remainder when x is divided by 70.
37
Let v = -48 - -79. Let c = 146 - v. Let n = -72 + c. What is the remainder when n is divided by 9?
7
Let f = -4637 + 4719. Calculate the remainder when 972 is divided by f.
70
Let o = -146 - -162. Suppose o*f + 45 = 301. What is the remainder when 78 is divided by f?
14
Let o(n) = n**3 - 42*n**2 + 259*n - 321. Calculate the remainder when 441 is divided by o(35).
103
Suppose 12*l - 34*l = -44. Let y be (-266)/(-57)*3/2. Let z(i) = -i**2 + 7*i + 10. What is the remainder when z(y) is divided by l?
0
Let x(n) = 2*n**3 - 5*n**2 - 4*n + 7. Let m be x(3). Suppose 0 = 5*h - 25, 0*h = 5*f + h - 60. Calculate the remainder when 1*m + (-28)/10*-5 is divided by f.
7
Let w = -19591 + 20584. Calculate the remainder when w is divided by 28.
13
Suppose 18 = 7*b - b. Suppose -k - 3 = -r, -14 = -2*r - 2*r + b*k. Suppose -104 - 11 = -r*q. Calculate the remainder when q is divided by 6.
5
What is the remainder when (20/(-15))/(12185/(-1740) + 7) is divided by 16?
0
Calculate the remainder when ((48/4)/(-6))/(10/(-5055)) is divided by 44.
43
Let q(y) = -y**2 - 5*y - 2. Let c be q(-4). Let v(a) = a + 48. Calculate the remainder when v(-16) is divided by (-112)/(-16) - c/(-1).
5
Let d(g) = 1 + 0 + 12